hat is the tens digit of t?
6
Suppose -48458 = -17*x + 38905. What is the thousands digit of x?
5
Suppose -l + 13 = 2*l - 2*q, l + 5*q - 10 = 0. Suppose 6 = 49*x - 46*x. Suppose 0 = -g + 5, 0 = -x*t + 5*t + l*g - 49. What is the units digit of t?
8
Suppose c - 37871 = -4*d, -3*c + 7*c - 37856 = -4*d. What is the hundreds digit of d?
4
Let y(p) = p**3 + 5*p**2 + 5*p + 9. Let x be y(-4). Suppose 3*k + 309 = -3*m, -4*k + x*k = m - 107. Let b = k - -252. What is the hundreds digit of b?
1
Suppose 30*b + 16*b - 414 = 0. What is the units digit of (b + -8)/(1/463)?
3
Let x be (10 + 0)/(0 - -2). Suppose x*j - y - 32 = 0, -23 = -5*j + 3*y + y. Suppose -j*d = -153 - 36. What is the tens digit of d?
2
Let y = -104088 - -177382. What is the hundreds digit of y?
2
Suppose 13*a = 8*a - 3270. Let d be (-36)/90 + a/(-10). Let k = -29 + d. What is the units digit of k?
6
Let d be ((-273)/4)/((-28)/336). Suppose -5*n = 5*w - d - 3431, -10 = -5*w. What is the units digit of n?
8
Let a be ((-7)/(-3))/((-3)/279). Let t(r) = 314*r**3 - 12*r**2 + 10*r. Let c be t(1). Let b = c + a. What is the tens digit of b?
9
Let y(n) = -n**3 + 12*n**2 + 11*n - 21. Let h be y(10). Suppose -l - 5*a + 83 + 24 = 0, 3*l = a + h. Let i = l - 69. What is the tens digit of i?
2
What is the ten thousands digit of (-10)/(-2) + (-628946)/(-10) + 84/60?
6
Let z(p) = -2 + 3 - 2*p + 257*p**2 + 52*p**2. What is the tens digit of z(1)?
0
Suppose -1192 = 13*n - 11306. Suppose -781*q + 1596 = -n*q. What is the hundreds digit of q?
5
Suppose -5*c + 4*d + 4371 = -25354, 0 = 3*c + 3*d - 17808. What is the hundreds digit of c?
9
Let b be ((-48)/9 - -6)/((-2)/(-12)). Suppose b*n + 18 - 30 = 0. What is the tens digit of (-21 + -5)/(-4 + n)?
2
Suppose 90 = -17*g + 22. What is the units digit of 94*1*(-10)/g?
5
What is the tens digit of (-1)/(-18) + (-1746338)/(-396)?
1
Suppose 4*w - 33118 = -6*j, 0 = -5*w + 921 - 901. What is the units digit of j?
7
What is the units digit of -28*(-2174)/20 - 640/(-1600)?
4
Let l(p) = -p - 3. Let d be l(-8). Suppose -3 - 2 = k, 15 = d*m + k. Suppose m*h + o - 107 = -h, 0 = h + 2*o - 16. What is the units digit of h?
2
Let y(h) = 140*h - 282. Let n be y(2). Let t(s) be the third derivative of -13*s**6/120 - s**5/60 + s**4/8 + 5*s**3/6 + s**2. What is the units digit of t(n)?
9
Let i(b) = -b. Let v be i(0). Suppose x - 109 - 46 = v. What is the tens digit of -3 - x/(-3) - (-5)/15?
4
Let k = 2829 + 6926. What is the hundreds digit of k?
7
Let z be (-2 - -6) + -229 - -2. Let m = z - -407. Let j = -101 + m. What is the tens digit of j?
8
Let f(v) = -v**2 + 6*v + 2. Let n be f(9). Let h = 123 - 159. Let w = n - h. What is the units digit of w?
1
What is the units digit of (-2 - -7)*-1*(18/(-9) - 2284)?
0
Let s(n) = 3*n**2 - 2*n - 2. Suppose -6*d + 16 = -2*c - d, 6 = -5*c + 4*d. Let f be s(c). Suppose 0 = f*v - v - 265. What is the units digit of v?
3
Suppose -3*o = c - 0*c - 48, 5*o = -4*c + 185. Let b = c - 41. Suppose -b*v - 70 = -306. What is the tens digit of v?
5
What is the units digit of (-3 - (-16)/2) + 23442 + -2?
5
Let m = -121 - -118. Let t(x) = -x**3 + 10*x**2 - 14*x - 15. Let s be t(8). What is the hundreds digit of 170 + (6/m)/s?
1
Let s(h) = 9*h**3 + 11*h**2 - 39*h + 15. What is the hundreds digit of s(8)?
0
Suppose -5*b - 132 + 420 = 2*s, 5*b - 295 = 5*s. Let d = b + 23. Suppose -12 = l - d. What is the units digit of l?
9
Let k = 2729 + -1548. Let c = k + -577. What is the tens digit of c?
0
Let s(w) = -w**2 - 12*w - 30. Let r be s(-7). Suppose 561 = -r*d - 304. Let i = d + 292. What is the hundreds digit of i?
1
Let a(y) = -y**2 - 24*y + 33. Let t be a(-25). What is the units digit of 0 - -6 - (-11184)/t?
4
Let o(b) = 103*b**2 + 2*b - 1. Let z be o(-5). Let f = -1127 + z. What is the tens digit of f?
3
Let z = -93 - -90. Let l(y) = 15*y - 5. Let u(o) = 30*o - 11. Let i(f) = 5*l(f) - 3*u(f). What is the tens digit of i(z)?
5
Let b(h) be the first derivative of -95*h**4/4 - 8*h**3/3 - 7*h**2 + 3*h + 109. What is the tens digit of b(-2)?
5
Let t = 67075 - 20958. What is the ten thousands digit of t?
4
Suppose 0 = 175*v - 166*v. Suppose -22*f + 12*f + 210 = v. What is the units digit of f?
1
Suppose -l + 32 = 28. Suppose l*x - 12 = 2*k + 70, x - 22 = k. What is the units digit of x?
9
Let k = -152 - -158. Let j be (-36)/(-54) - (-2)/6. What is the tens digit of (2/k)/(2810/2805 - j)?
8
Let u(r) = r**2 - r. Let t be u(1). Let d be t + -2 - (-1 + 275). Let n = d - -404. What is the tens digit of n?
2
Let l(h) = -726*h**3 + 3*h**2 - 90*h - 281. What is the thousands digit of l(-3)?
9
Let k(p) = p**2 - 8*p. Suppose 2*b + 4 = -4*m, 2*m = -2*b - 3*m - 5. Suppose -5*q - 40 + b = 5*a, -a - 5*q - 16 = 0. What is the units digit of k(a)?
4
Let h(j) be the third derivative of -j**4/6 + 14*j**3/3 - 12*j**2. Let k be h(6). Let p = 8 - k. What is the units digit of p?
4
Let z(o) = -o**2 + o. Let y(l) = -2*l**2 + 23*l + 2. Let c(d) = -y(d) + z(d). What is the tens digit of c(28)?
6
Let i(h) = -h**3 + 4*h**2 - 10*h + 7. Let r be i(-8). Suppose 45*c - 46*c + r = 0. What is the tens digit of c?
5
Suppose -l - 18*l - 5*l + 121272 = 0. What is the thousands digit of l?
5
Let u = -69818 - -102234. What is the hundreds digit of u?
4
Suppose 12577 = 5*u + 3302. Let d = 2703 - u. What is the units digit of d?
8
Suppose 4*r + 4*g - 19332 = -5256, 2*r - 4*g - 7050 = 0. Suppose 0 = -16*c + r + 18031. What is the tens digit of c?
4
Suppose 0 = -12*p - 45*p - 98610. Let f = -531 - p. What is the units digit of f?
9
Suppose 0 = 3*p - 3*k + 27, -p - 3*k - 24 = -7*k. Let j(f) = -14*f - 5. Let o be j(p). Suppose -4*b - o + 663 = 0. What is the units digit of b?
3
Suppose 2*z + 3*u + 886 + 933 = 0, 3*z + 2732 = -u. Let a = -567 - z. What is the hundreds digit of a?
3
Let i(s) = -3*s - 2 + 0 - s**2 + 9 - 6*s. Let f be i(-8). What is the units digit of f/10*(-68)/(-6)?
7
Let y(q) = -275*q**3 - 3*q**2 + 20*q + 4. What is the hundreds digit of y(-6)?
1
Let z be 3 + 3 - (2 - 2). Suppose 12*b - z*b = 984. What is the hundreds digit of b?
1
Let x(a) = -2*a**2 + 2*a - 3. Let s be x(1). Let q(z) = 7*z**2 - 3*z - 2. Let l be q(s). Let n = -12 + l. What is the units digit of n?
8
Suppose 21*r = 12*r. Suppose -5*l = -73 - 17. Suppose 3*i + 4*o - 25 = r, 3*i + 5*o - 8 - l = 0. What is the units digit of i?
7
Suppose x + 2601 = -5*d + 29846, 0 = -2*x + x. What is the thousands digit of d?
5
What is the thousands digit of 2/4 + 327/3*(-436)/(-8)?
5
Let w(q) = -q**2 + 44*q + 205. Suppose 0 = n - 3*r - 0 - 24, n + 4*r = 59. What is the units digit of w(n)?
0
Let h = 317 + -125. Suppose 330 + 372 = 6*n. Let m = h - n. What is the units digit of m?
5
Let r(u) = 2*u**2 - 2*u + 9 - 2*u + 13. Let o be r(-11). Let a = o - 152. What is the units digit of a?
6
Suppose -4*j - 1 = -5*j. Let s = 64 - j. Let o = 108 - s. What is the tens digit of o?
4
Suppose 0 = -2*y - n - 10, 5*n = -21*y + 19*y - 10. Let u(o) = -14*o**3 - 4*o**2 - 7*o + 19. What is the tens digit of u(y)?
0
Let t(q) = -2*q**2 + 10*q - 24. Let c be t(7). Let u = 430 - c. What is the tens digit of u?
8
Let m(f) = 1928*f - 14. Let d be m(1). Suppose d = 21*x - 3588. What is the units digit of x?
2
Let f = 161 + -157. Suppose -f*l = 4*n - 2137 + 533, 2*n = 4*l + 772. What is the hundreds digit of n?
3
Suppose -28 = -5*v - 3*n, 0 = -5*v - n - n + 32. Suppose 35*j - 36*j = v. Let l = 105 + j. What is the tens digit of l?
9
Let j(n) = -2*n + 9625. What is the thousands digit of j(6)?
9
Suppose -4*a = 1095 - 4411. Suppose -2*n - k + a = 0, 2*k - 2045 = -5*n + 5*k. What is the hundreds digit of n?
4
Let p = -45 + -4. Let l = p - -52. What is the units digit of l + ((-4)/8)/((-1)/106)?
6
Let m = -1933 + 3647. What is the tens digit of m?
1
Suppose 18*q = -50*q + 1060936. What is the units digit of q?
2
Let c(j) = 15*j - 95. Let k be c(7). Suppose 3*n = 5 + 31. Suppose -k*f - 418 = -n*f. What is the hundreds digit of f?
2
Let w(o) = 984*o**2 - 1484*o + 5915. What is the thousands digit of w(4)?
5
Let b(t) = 153*t - 5. Let y be b(-2). Let c = 635 + y. What is the hundreds digit of c?
3
Suppose 4 = -768*p + 770*p. What is the tens digit of 14254/12 - p/60*-5?
8
Suppose 0 = -5*i + 115 - 105. What is the units digit of 110/11*135/i?
5
Let j(p) = -115*p**3 - 7*p**2